 o(0)?
3, 1399
Let n(f) = 821*f + 298. List the prime factors of n(38).
2, 31, 127
Suppose -4473 = 23*h - 14*h. Let s = h + 570. List the prime factors of s.
73
Let g = 143 + -113. Suppose -c = m - g, -3*c = 4*m - 55 - 33. What are the prime factors of c?
2
Let i = 102 - 100. Suppose -5*t - 20 = -t - 4*u, -i*t + 3*u - 12 = 0. What are the prime factors of 4 - t*(-118)/(-6)?
3, 7
Suppose 4*k - 20*s = -15*s - 2, -2*k - 4*s + 12 = 0. Suppose -3*p - 442 = -3*x + k*x, -1312 = -3*x + 2*p. What are the prime factors of x?
2, 109
Suppose 4*o = -o + 70. Let d = 91 + o. Suppose -4*r - d = -589. List the prime factors of r.
11
Let b(t) = t**2 + 7*t - 27. Let o be b(-10). List the prime factors of ((-23772)/70)/(o/(-10)) + -4.
2, 3, 47
Suppose -312*n + 77463 = -2861920 - 1958393. List the prime factors of n.
2, 47, 167
Let k be (-240)/(-21) + ((-117)/(-21) - 6). Suppose -5*o - 2028 = -k*o. List the prime factors of o.
2, 13
Suppose -47 = 2*h + i, -3*h = -h - 3*i + 51. Let a = h - -155. Suppose a = 3*p + 5*r, 4*p + 7*r = 2*r + 173. What are the prime factors of p?
2, 3, 7
Let j(n) = 2 - 4 + 35*n**3 - 2*n**2 + n + 2 + 3*n**3. Let s(a) = 2*a - 3. Let q be s(2). List the prime factors of j(q).
37
Let j(k) = -2856*k + 635. List the prime factors of j(-11).
32051
Let k(v) = -14*v + 4. Let d(t) = t**2 - 7*t - 5. Let q be d(9). Suppose 4*x + q = -15. What are the prime factors of k(x)?
2, 3, 17
Suppose -2*x - 571 = -3*o, 9*o - 953 = 4*o + 4*x. Let g = o - -213. List the prime factors of g.
2, 3, 67
Let u be 2/((-8)/(-36))*(-1628)/(-6). Suppose 12*n = u + 306. What are the prime factors of n?
229
Suppose 0 = 25*u + 21*u - 79*u + 1595814. List the prime factors of u.
2, 24179
Let r = 93 + -110. Let a(p) = -p**3 - 18*p**2 - 32*p - 3. List the prime factors of a(r).
2, 3, 7
Suppose -3*a - 2*w = -70935, -57115 = -2*a - 2*w - 9819. List the prime factors of a.
7, 11, 307
Let h(z) = -z**3 - 6*z**2 - 2*z - 12. Let x = 4 + -10. Let u be h(x). Suppose -2*p - v + 101 = -62, u = -5*p - 3*v + 408. What are the prime factors of p?
3
Suppose -2378*r + 1203*r = -1189*r + 180558. What are the prime factors of r?
3, 1433
Let h = 33001 + -20878. List the prime factors of h.
3, 449
List the prime factors of (-1)/(-1)*(1952 + -75).
1877
Suppose 101*x - 105*x + 188730 = 5*p, 4*p = -6*x + 283116. List the prime factors of x.
2, 3, 5, 11, 13
Let u(t) = 17*t**2 - 12*t - 24. Let i be u(-5). Let h = i - 365. What are the prime factors of h?
2, 3
Suppose -5*v = 367 - 377. Suppose -3*j + 5*j + 5*b = 3210, v*b - 8004 = -5*j. List the prime factors of j.
2, 5
Suppose -6*o - 5 = 7. What are the prime factors of o*(-276 + -9) + 4*-1?
2, 283
Suppose 34*v - 24*v - 122320 = 0. List the prime factors of v.
2, 11, 139
Suppose 2*y + 5*p + 46 - 6 = 0, -4*p = -3*y - 14. Let a be 110/(-44)*8/y. Suppose -t + a*f = f - 20, 0 = f + 4. What are the prime factors of t?
2
Let t(q) = 353*q + 191. Let z be t(-9). Let m = -1967 - z. List the prime factors of m.
1019
Let p = 60 - 63. Let q(t) = t**3 - t**2 - 8*t + 6. Let f be q(p). What are the prime factors of (2163/(-7))/(f/4)?
2, 103
Let p(h) = 1449*h - 2274. List the prime factors of p(40).
2, 3, 9281
Let n = 211 + -214. List the prime factors of (n - (-35)/(-7)) + 181.
173
Let f(q) = -4*q**2 + 6*q - 9. Let k be f(-4). Let z = -88 - k. Suppose -381 = -z*s + 1806. List the prime factors of s.
3
Let x = 93 - 90. Suppose 0 = -x*w, -5*v + 8*v + 3*w = 15. Suppose -20 + 311 = r - 5*i, 4*r + v*i = 1039. What are the prime factors of r?
2, 7, 19
Let s(i) = -5*i**2 - 17*i - 16. Let o be s(-6). Let h = o + 212. List the prime factors of h.
2, 59
List the prime factors of 1865/1119 + 64316/6.
71, 151
Let s be 1118/234 - 2/(-9). Suppose 2*k - 4 = 0, 0 = -s*j - 2*k - k + 31. Suppose 0 = -4*c + 5*o - 4*o + 91, -j*o = -4*c + 87. List the prime factors of c.
23
Let g(l) = -4*l - 15. Let m be g(-4). Let h = 193 - m. Let y = h - 104. What are the prime factors of y?
2, 11
Suppose 67*p = 64*p - 369. List the prime factors of (p/(-2))/(102/952).
2, 7, 41
Let a = 2304 - -9954. List the prime factors of a.
2, 3, 227
Suppose 3*a + 42 = -i - 42, 0 = -5*i - 4*a - 453. Let o = i - -29. Let u = o + 89. List the prime factors of u.
5
Let k(s) = s**3 - 5*s**2 + 4*s - 2. Let w be k(4). List the prime factors of ((-84)/28)/(w/46).
3, 23
Let n(i) = 5484*i**2 + 16*i - 2. List the prime factors of n(-2).
2, 47, 233
Suppose 5*m = -2*v + 538, 0*m + m - 5*v - 86 = 0. Suppose 0 = -5*w - 85 + 320. Let r = m + w. List the prime factors of r.
3, 17
Let i = -287 + 297. Suppose i*y = 201 + 229. What are the prime factors of y?
43
Let x be (-7 - -1)/(3/(-2)). Suppose -9*d + 11 = -5*d - 5*z, 15 = 5*d - 5*z. Suppose -366 = -5*c - w, x*c - 196 = -d*w + 100. What are the prime factors of c?
73
Let b = -27 - -31. Let l be (2 + b)*(36/(-8) - -2). List the prime factors of ((-1 - -2) + -5)*l/10.
2, 3
Suppose 4*l - 1365 = 25*l. Let q = 71 - l. What are the prime factors of q?
2, 17
Suppose -52 + 22 = -6*y. Suppose -n - i + 9 = 0, -4*i + 30 = y*n - 2*i. List the prime factors of ((77/2)/7)/(2/n).
11
Suppose -6*t = -8*t + 8. Let a be 47/2*(t + 14). Let g = a + -288. What are the prime factors of g?
3, 5
Let b = 12526 + -10484. List the prime factors of b.
2, 1021
Suppose 18088 = 122*w - 130*w. Let m = -1566 - w. List the prime factors of m.
5, 139
Let n = -22792 - -6897. What are the prime factors of n/(-33) + (-2)/(-6)?
2, 241
Suppose 987*j - 50768 = 979*j. What are the prime factors of j?
2, 19, 167
Suppose w + 258 = -4*c + 937, -3*w + 1995 = -2*c. Let x = w - 142. List the prime factors of x.
3, 5, 7
Let h(x) = -x**3 + 7*x**2 - 3*x + 23. Let z be h(7). Suppose -z*u = -3*g - 2153, 0*g - 3*g + 1099 = u. List the prime factors of u.
2, 271
Suppose -28*h + o + 78737 = -24*h, -2*h - 5*o = -39385. What are the prime factors of h?
5, 31, 127
Suppose 219*w + 5661 = 228*w. What are the prime factors of w?
17, 37
Let k(z) = -12*z - 3. Suppose 0*l - 11 = l. Let m be k(l). Let d = m - 9. List the prime factors of d.
2, 3, 5
Let g(v) = v**3 + v**2 - 3*v + 2. Let f be g(2). Suppose -f*a + 3528 = 4*a. What are the prime factors of a?
2, 3, 7
Let a(t) = -4*t**3 + t**2 + 5*t + 19. Let o = 185 + -191. What are the prime factors of a(o)?
7, 127
Let w be 214 + 16/(-6) + 5/(-15). Suppose w = 3*u - 38. Let p = u - 43. What are the prime factors of p?
2, 5
Let v = 199 - 132. Let b be (-4)/(-3) + v/(-6)*-10. Suppose -10*a + 167 = -b. List the prime factors of a.
2, 7
Let v be (2 - (5 - 3))/(2/(-1)). Suppose v = 2*d + 3*d + 4*w - 54, 26 = 3*d - 4*w. List the prime factors of (-6)/d + (-2904)/(-15).
193
Let a(b) = -3*b**3 + 3*b**2 - 9*b + 2. Let y be a(3). Let r = y - -74. List the prime factors of (-2 + 1)*(r - -4) + 67.
2, 17
Let q(u) = 18*u - 50. Let k = -17 - -24. Suppose 0*i - 70 = -k*i. List the prime factors of q(i).
2, 5, 13
Let k(l) = -l**3 + 5*l**2 - 4*l - 4. Suppose 0 = 4*i - 6 - 6. Let b be k(i). What are the prime factors of -1*b/8 - 26334/(-152)?
173
Let w = -21 - -34. Suppose 8 = 7*u - w. Suppose 2*a - 27 - u = 0. What are the prime factors of a?
3, 5
Let i = -126 + 470. Suppose 350*y - 8100 = i*y. List the prime factors of y.
2, 3, 5
Let d = 345 - -54995. List the prime factors of d.
2, 5, 2767
Let g(y) = -y**3 + 13*y**2 - 20*y - 13. Let m be g(11). Suppose m*l = 802 + 161. What are the prime factors of l?
107
Let v = -22 + 24. Suppose -5*p - v*l - 648 = -9*p, 0 = -2*l - 4. What are the prime factors of p?
7, 23
Let x(l) = -8 + 19*l**2 + 0*l + 5*l + 1 + l**3 - 6*l**2. Suppose 52 = -4*g + o, -5*g = 5*o + 55 - 15. List the prime factors of x(g).
7, 11
Let x be ((-6)/12)/(2/188). Suppose 180 = -2*f - 4*z, 5*f + 323 = -4*z - 139. Let t = x - f. List the prime factors of t.
47
Suppose b = -3*z + 5*z - 8, -z = 4*b + 5. Suppose 2*n - 3677 = -z*f, -3*n = -8*n + 4*f + 9135. What are the prime factors of n?
1831
Let h(i) = 5704*i + 174. Let v be h(14). Suppose 22*p + 31*p = v. List the prime factors of p.
2, 5, 151
Suppose -340 = -3*d + 4*w, 2*d - 4*w = -3*d + 556. Suppose 4*j = -p + d, 0 = -2*p + 7*j - 3*j + 252. List the prime factors of p.
2, 3, 5
Suppose 0 = 27*k - 35*k + 1720. Suppose 3*h - o + 72 = 737, -h = 3*o - k. List the prime factors of h.
13, 17
Suppose 0 = -2*u - u + 21. Suppose -u - 11 = -6*s. Suppose 0 = o + 